1626. Is f(62) prime?
False
Let z(c) = -19*c + 122. Let q be z(-15). Suppose -q = -2*x - g, x - 6*g + 3*g - 186 = 0. Is x a composite number?
True
Suppose -z + 8258 = 1436. Let i = z + 98454. Is 2*((-4)/(-22) - i/(-88)) composite?
False
Let w(v) = 4*v - 77. Let s be w(22). Let j = -8 + s. Is j/2*(-27346)/(-33) a prime number?
False
Let k = -1019 + 1017. Let p(b) be the first derivative of -11*b**2/2 + b - 2. Is p(k) a composite number?
False
Suppose -847*h = 3*j - 842*h - 31670, 52776 = 5*j + h. Is j a composite number?
True
Suppose 0 = 3*i + 18, -314*f + 309*f = 5*i - 54125. Is f a prime number?
True
Is (-1 - -1) + 1 + 2598932/101 a prime number?
True
Let q = 31672 + 655. Is q a composite number?
False
Suppose 659 = 2*o - p, -4*o - 3*p + 8*p = -1315. Let x = -177 + o. Suppose -a - 2*d + 484 = x, -3*d = -5*a + 1655. Is a prime?
True
Let x(f) be the second derivative of f**4/6 + 19*f**3/3 + f**2/2 + 192*f. Is x(-25) a composite number?
True
Let q = 35 + -30. Suppose -q*g + 3*o = -20179, 8*o + 12109 = 3*g + 7*o. Is g composite?
True
Let s = -34 + 19. Suppose 5*o = 3*o - 1498. Is -7 - o/105 - 19153/s composite?
False
Let v be 403158/(-420) - (-1)/(-10). Let i = v + 2359. Is i a prime number?
True
Let s = 413877 + -226694. Is s prime?
False
Suppose 53*g + 10*g - 108196222 = 129699905. Is g composite?
True
Suppose -10 = 3*j - j - 5*o, -4 = -2*o. Suppose j = -5*n - 2*u + 3808 - 265, -5*u = -2*n + 1394. Is n a prime number?
False
Let j(b) = -78*b - 59 + 57*b + 35*b. Is j(29) composite?
False
Let o(u) = -4*u**2 + 20*u + 1. Let b(t) = 17*t**2 - 80*t - 4. Let p(w) = 2*b(w) + 9*o(w). Let i be p(10). Is (-631)/((i + 3)/(-4)) a composite number?
False
Suppose -261733 = 23*y - 8902626. Is y prime?
False
Suppose 3*j - 3*j = 2*j. Suppose j = q - 2*m - 624, -3*m - 991 = -3*q + 890. Let w = q - -411. Is w composite?
True
Is (-16)/(-6)*1415667/88 a prime number?
True
Let p(j) = -55*j + 11. Suppose -2*n + 2*y = 20, 0 = -5*y - 0*y + 20. Let w be (-4 - (-35)/21) + (-2)/n. Is p(w) prime?
False
Suppose -5*g + g = -20. Suppose 46*m + 8*m - 5*m = 0. Suppose g*c + 0*c - 2755 = m. Is c a prime number?
False
Suppose 40*x + 12*x - 1219190 = -18*x. Is x a composite number?
False
Let t(c) = 77 + c + 34 + 11581*c**2 - 11578*c**2. Is t(35) prime?
True
Let c(j) = j**3 + 4*j**2 - 15*j - 2. Let f be c(4). Is (7355/3)/(f/198) a composite number?
True
Let x(h) = 164*h**2 + 7*h + 31. Let g be ((-6)/(-1))/2 - -5. Is x(g) prime?
False
Suppose -3*m = 4*u - 65997, -2*u + 20297 = m - 1706. Is m a composite number?
False
Suppose 0 = -18*i + 6*i + 84. Suppose 4*w - g = 11064, 4*g = i + 9. Is w prime?
True
Let g(c) = c**3 + 21*c**2 - 24*c + 83. Let y be g(-19). Suppose -15*b + 5*d = -10*b - 1270, 2*d + y = 5*b. Is b composite?
False
Suppose -3*d + 244 + 1469 = 0. Let t = d + -318. Is t prime?
False
Suppose 52*b + 5436837 = 115*b. Is b a composite number?
True
Let x = 168 + 572. Is 3*(x - (-5)/(-5)) a prime number?
False
Let w be (4 + (-30)/10)/((-1)/(-3)). Is (-123)/2*(2 + (-152)/w) a composite number?
True
Let a(d) = -2*d + 26. Let g = 34 + -22. Let j be a(g). Suppose 3*u + t - 3757 = 6*t, j*u + 5*t = 2538. Is u composite?
False
Is ((-14)/(-56))/((5 - 8)/(-584772)) prime?
True
Let q be 10/((35/28)/5). Suppose -44*t = -q*t - 20588. Is t a composite number?
False
Suppose 25 = 5*u, 3*a + u - 13767 = 3353. Let r = a + -1158. Is r composite?
False
Suppose -1676*u = -1677*u + 283968 - 51490. Is u prime?
False
Let v(i) = -101*i + 1184954 - 592486 - 592485 - 135*i. Suppose 1 = -n + g - 2, 3 = -g. Is v(n) prime?
True
Is (6407289/(-135) + -32)/(1 + 12/(-10)) a composite number?
False
Suppose 21*n + 8 = 25*n, 0 = 5*a - 5*n - 315945. Is a composite?
True
Let c(a) = 121*a**2 + 4*a + 14. Let y(m) = -3*m + 7. Suppose -8*q + 9*q - 4 = 0. Let n be y(q). Is c(n) composite?
False
Suppose 3989613 = 3*h + 4*c, -5*c = 49*h - 19402860 - 45760457. Is h prime?
True
Suppose g + 36 - 36 = 0. Suppose g = 11*c - 39216 + 595. Is c a composite number?
False
Let w = 230 - 365. Let o = 306 + w. Let x = 238 + o. Is x a composite number?
False
Let i(q) = -34*q**2 - 10. Let k be i(-13). Let t = -2373 - k. Is t prime?
False
Let k(n) = 2187*n**2 - 68*n + 455. Is k(6) composite?
False
Let p = 185742 - 691. Is p a composite number?
False
Let g = -19398 + 43567. Is g a prime number?
True
Suppose t = 3*o + 140853, 0 = 44*t - 41*t - 2*o - 422601. Is t prime?
False
Suppose 453*m + 1027954 = 455*m. Is m composite?
False
Suppose 6*a - 11 - 1 = 0. Let y be a - 0/(-7 - -3 - -1). Is (y - 9/2)/(4/(-472)) a composite number?
True
Suppose 0 = 10*u + 9 - 29. Suppose -u*l - 13460 = -45826. Is l a composite number?
False
Suppose -30*o + 3*o = -81. Suppose -2*h + 0*h - o*k = -428, -2*k + 4 = 0. Is h a prime number?
True
Let r(g) = -2*g + 8. Let p be r(4). Suppose u - 1 = p, 0 = 4*h - 0*u - 3*u - 21. Suppose 0 = -h*m + 2388 + 10938. Is m composite?
False
Let g(h) = 25012*h**2 - 24*h + 25. Is g(1) composite?
False
Let g(n) = n + 6. Let c(w) = -2*w**3 + w**2 - w + 3. Let t be c(2). Let z be g(t). Is 581 + -4*z/(-10) composite?
True
Let u = 20523 + -10353. Let a = u + -5789. Is a a prime number?
False
Suppose 55*m - 60*m = -10. Suppose 3*u + m*c = 2, 0*u + 5*c + 33 = 2*u. Suppose -2*b + u*k + 2162 = -0*b, -1096 = -b - 3*k. Is b prime?
True
Is 749/642 + 5/6 - -429209 composite?
False
Let s be 8/56*0 - -4. Is 4 - (s/(-5) + 4707893/(-115)) a composite number?
True
Let u = 145038 - -46735. Is u prime?
True
Let l be (1 + 10)/(-19 + 20). Suppose 6*z = l + 61. Is (3/(-4))/(z/(-8))*2164 prime?
False
Let s be 169*28/35*10. Suppose 3*m = -3*y + 15023 - s, 5*m + 10 = 0. Is y prime?
False
Suppose 0 = 3*o - 4 + 1. Let m be 12*o/(12/(-8)). Is (-6948)/(-5) + m/(-20) - -3 a composite number?
True
Suppose 5*h + 64 = 1024. Suppose -h*z = -190*z - 2162. Is z prime?
False
Let l be (3/(-9) + (-8)/(-6))*5. Suppose -l*i + p = -15035, 4*i + 3*p = 7453 + 4575. Is i composite?
True
Let b(v) = 80*v + 10. Let z(q) = -53*q - 7. Let k(m) = -5*b(m) - 7*z(m). Let h = 0 - 4. Is k(h) composite?
True
Let d(h) = 4*h**3 - 11*h**2 - 25*h + 35. Let q(s) = 34*s - 161. Let z be q(5). Is d(z) composite?
True
Let f be ((-11)/3)/(9/(-81)) + 10. Suppose -1306 + 176 = -g. Suppose -r = f - g. Is r a prime number?
True
Suppose 6*w + 8733 = 5*j + 2*w, 0 = -2*j + 2*w + 3494. Let v = j - 775. Suppose -v = 7*h - 6549. Is h composite?
False
Let o be (-3 + 14)*((-2)/1 + 3). Is (-10)/(-55) + 1637/o a prime number?
True
Suppose -t = -20*m + 21*m - 102948, 205911 = 2*t - m. Is t prime?
True
Let k(q) = 71*q - 334. Let d be k(-15). Let j = d - -7026. Is j a composite number?
True
Let h(m) = 33*m**3 + 44*m**2 - 92*m - 38. Is h(22) composite?
True
Suppose -4*j + 3*q = -189832 - 181759, q = -5*j + 464522. Is j a composite number?
True
Let l(a) = 2*a**2 + 36*a - 34. Let q be l(-19). Suppose 0 = -q*i - 0*i + 484. Is i prime?
False
Let s = 338 + -322. Suppose -13197 = s*m - 46717. Is m composite?
True
Let j = -2079 - -3051. Suppose 5*b - 25543 = j. Is b composite?
False
Let c(l) = 336*l**2 - 6*l + 7. Let v(f) = 5040*f**2 - 91*f + 105. Let o(i) = 91*c(i) - 6*v(i). Is o(-4) composite?
True
Is 317645 + (-6 - (-3 + -9)) composite?
False
Let i be (2/(0 - 1))/(4/(-78)). Let t = i - 39. Suppose -k = -77 - t. Is k a prime number?
False
Let y = -30467 - -147370. Is y a prime number?
True
Let z(c) = -6294*c**2 + 18*c - 17. Let r be z(1). Let v = -4446 - r. Is v a prime number?
True
Suppose 4252 + 7648 = 14*r. Suppose r = -5*z + 2*z + c, 3*c + 280 = -z. Let k = z - -542. Is k a composite number?
True
Is 1137974/(-16 - -19 - 1) a prime number?
True
Suppose 0 = 4*n + o - 71, 5*n - n + 4*o = 80. Suppose -14*c + 10506 = -n*c. Let z = -1553 - c. Is z a prime number?
True
Let q(w) = -1076*w - 33. Let p be q(-12). Let m = -7546 + p. Is m a prime number?
True
Is (1*3)/((-10)/20*48/(-900056)) prime?
True
Let n be 194272/(-78)*(-3)/2. Let f = n - 719. Is f a composite number?
True
Let y(n) = -340*n**3 + 4*n**2 - 27*n - 30. Let g be y(7). Is g/(-39) + 4/26 prime?
False
Is (-16 - -17)*((-2)/(-5) + 32341439/65) a prime number?
True
Let r = 28 + -20. Suppose 0 = -2*g + r, 7543 = 4*q + 4*g - 21605. Is q a prime number?
True
Let q(h) = -2*h**2 - 3*h + 23. Let k be q(4). Let g(v) = 3*v**2 + 27*v - 83. Is g(k) composite?
False
Suppose 